{"id":6054,"date":"2025-08-25T00:09:32","date_gmt":"2025-08-24T22:09:32","guid":{"rendered":"https:\/\/www.cfchanteraines.fr\/sitewp\/?page_id=6054"},"modified":"2026-03-02T20:38:51","modified_gmt":"2026-03-02T19:38:51","slug":"parc-electrique","status":"publish","type":"page","link":"https:\/\/www.cfchanteraines.fr\/sitewp\/le-materiel-roulant\/parc-electrique\/","title":{"rendered":"Parc \u00e9lectrique"},"content":{"rendered":"<div id=\"colonne_droite\">\n<div class=\"petit_cadre_def\">\n<table border=\"0\" width=\"100%\">\n<tbody>\n<tr>\n<td width=\"14%\"><a href=\"#020T-03\"><span style=\"color: #004080; font-family: 'Bookman Old Style';\"><\/span><\/a><\/td>\n<\/tr>\n<\/tbody>\n<\/table>\n<\/div>\n<fieldset>\n<p align=\"JUSTIFY\"><span style=\"color: #004080; font-family: 'Bookman Old Style'; font-size: medium;\"><a name=\"\"><\/a><b>e0B0-01 et e0B0-02<\/b><\/span><\/p>\n<p align=\"JUSTIFY\"><span style=\"color: #004080; font-family: 'Bookman Old Style'; font-size: medium;\"><\/p>\n<img decoding=\"async\" data-src=\"https:\/\/www.cfchanteraines.fr\/sitewp\/wp-content\/uploads\/2026\/03\/IMG-20230403-WA0113-300x225.jpg\" alt=\"\" width=\"300\" height=\"225\" border=\"0\" src=\"data:image\/svg+xml;base64,PHN2ZyB3aWR0aD0iMSIgaGVpZ2h0PSIxIiB4bWxucz0iaHR0cDovL3d3dy53My5vcmcvMjAwMC9zdmciPjwvc3ZnPg==\" class=\"lazyload\" style=\"--smush-placeholder-width: 300px; --smush-placeholder-aspect-ratio: 300\/225;\" \/>\n<img decoding=\"async\" data-src=\"https:\/\/www.cfchanteraines.fr\/sitewp\/wp-content\/uploads\/2026\/03\/10312-300x225.jpg\" alt=\"\" width=\"300\" height=\"225\" border=\"0\" src=\"data:image\/svg+xml;base64,PHN2ZyB3aWR0aD0iMSIgaGVpZ2h0PSIxIiB4bWxucz0iaHR0cDovL3d3dy53My5vcmcvMjAwMC9zdmciPjwvc3ZnPg==\" class=\"lazyload\" style=\"--smush-placeholder-width: 300px; --smush-placeholder-aspect-ratio: 300\/225;\" \/>\n<p>Locotracteurs \u00e9lectriques CFD \u00e0 marche autonome de 2023.<br \/>\nIssus d&#8217;un appel d&#8217;offre du d\u00e9partement gestionnaire du parc pour la modernisation des deux engins de traction principaux du CFC, les deux tracteurs \u00e9lectriques ont r\u00e9cemment pris la succession dans ce r\u00f4le des locotracteurs Socofer 0B0-01 et 0B0-02.<br \/>\nConstruits par l&#8217;entreprise CFD selon un cahier des charges sp\u00e9cifique, ils s&#8217;int\u00e8grent parfaitement au sein du label EVE (Espace Vert Ecologique) du parc d\u00e9partemental des Chanteraines.<br \/>\nLa cha\u00eene de traction, compos\u00e9e de deux moteurs asynchrones de 19 kW associ\u00e9s \u00e0 une batterie Lithium-Ion derni\u00e8re g\u00e9n\u00e9ration de 43 kWh, leur conf\u00e8re plus de 6h d&#8217;autonomie dans les conditions d&#8217;exploitation sur notre r\u00e9seau.<br \/>\nArriv\u00e9s au CFC le mercredi 22 mars 2023 puis inaugur\u00e9s en juin 2024, en m\u00eame temps que la r\u00e9fection compl\u00e8te de la ligne, ils assurent d\u00e9sormais la majorit\u00e9 de nos circulations.<\/p>\n<p>Propri\u00e9t\u00e9 du conseil d\u00e9partemental des Hauts de Seine.<br \/>\nLocotracteurs en service.<\/span><\/p>\n<table border=\"1\" width=\"100%\">\n<tbody>\n<tr>\n<td width=\"50%\"><span style=\"color: #004080; font-family: 'Bookman Old Style'; font-size: small;\">Poids total en charge<\/span><\/td>\n<td width=\"50%\"><span style=\"color: #004080; font-family: 'Bookman Old Style'; font-size: small;\">8 t<\/span><\/td>\n<\/tr>\n<tr>\n<td width=\"50%\"><span style=\"color: #004080; font-family: 'Bookman Old Style'; font-size: small;\">Charge par essieu<\/span><\/td>\n<td width=\"50%\"><span style=\"color: #004080; font-family: 'Bookman Old Style'; font-size: small;\">4 t<\/span><\/td>\n<\/tr>\n<tr>\n<td width=\"50%\"><span style=\"color: #004080; font-family: 'Bookman Old Style'; font-size: small;\">Longueur hors tout<\/span><\/td>\n<td width=\"50%\"><span style=\"color: #004080; font-family: 'Bookman Old Style'; font-size: small;\">4,30 m<\/span><\/td>\n<\/tr>\n<tr>\n<td width=\"50%\"><span style=\"color: #004080; font-family: 'Bookman Old Style'; font-size: small;\">Largeur hors tout<\/span><\/td>\n<td width=\"50%\"><span style=\"color: #004080; font-family: 'Bookman Old Style'; font-size: small;\">1,80 m<\/span><\/td>\n<\/tr>\n<tr>\n<td width=\"50%\"><span style=\"color: #004080; font-family: 'Bookman Old Style'; font-size: small;\">Hauteur hors tout<\/span><\/td>\n<td width=\"50%\"><span style=\"color: #004080; font-family: 'Bookman Old Style'; font-size: small;\">2,70 m<\/span><\/td>\n<\/tr>\n<tr>\n<td width=\"50%\"><span style=\"color: #004080; font-family: 'Bookman Old Style'; font-size: small;\">Empattement<\/span><\/td>\n<td width=\"50%\"><span style=\"color: #004080; font-family: 'Bookman Old Style'; font-size: small;\">1,35 m<\/span><\/td>\n<\/tr>\n<tr>\n<td width=\"50%\"><span style=\"color: #004080; font-family: 'Bookman Old Style'; font-size: small;\">Effort de traction maximum<\/span><\/td>\n<td width=\"50%\"><span style=\"color: #004080; font-family: 'Bookman Old Style'; font-size: small;\">1050\u00a0kg<\/span><\/td>\n<\/tr>\n<tr>\n<td width=\"50%\"><span style=\"color: #004080; font-family: 'Bookman Old Style'; font-size: small;\">Vitesse maximum<\/span><\/td>\n<td width=\"50%\"><span style=\"color: #004080; font-family: 'Bookman Old Style'; font-size: small;\">22  km\/h\u00a0(vitesse en exploitation: 15km\/h)<\/span><\/td>\n<\/tr>\n<tr>\n<td width=\"50%\"><span style=\"color: #004080; font-family: 'Bookman Old Style'; font-size: small;\">Poids total tract\u00e9<\/span><\/td>\n<td width=\"50%\"><span style=\"color: #004080; font-family: 'Bookman Old Style'; font-size: small;\">22,8 t<\/span><\/td>\n<\/tr>\n<tr>\n<td width=\"50%\"><span style=\"color: #004080; font-family: 'Bookman Old Style'; font-size: small;\">Equipement \u00e9lectrique<\/span><\/td>\n<td width=\"50%\"><span style=\"color: #004080; font-family: 'Bookman Old Style'; font-size: small;\">Batterie de traction Lithium-ion 96V de 55kWh brut<\/span><\/td>\n<\/tr>\n<tr>\n<td width=\"50%\"><span style=\"color: #004080; font-family: 'Bookman Old Style'; font-size: small;\">Moteurs de traction<\/span><\/td>\n<td width=\"50%\"><span style=\"color: #004080; font-family: 'Bookman Old Style'; font-size: small;\">2 moteurs \u00e9lectriques 19kW et r\u00e9ducteurs de transmission Bennevelli<\/span><\/td>\n<\/tr>\n<tr>\n<td width=\"50%\"><span style=\"color: #004080; font-family: 'Bookman Old Style'; font-size: small;\">Accessoires<\/span><\/td>\n<td width=\"50%\"><span style=\"color: #004080; font-family: 'Bookman Old Style'; font-size: small;\">Sabli\u00e8res, chauffage, ventilation<\/span><\/td>\n<\/tr>\n<\/tbody>\n<\/table>\n<\/fieldset>\n<p>&nbsp;<\/p>\n<\/div>\n","protected":false},"excerpt":{"rendered":"<p>e0B0-01 et e0B0-02 Locotracteurs \u00e9lectriques CFD \u00e0 marche autonome de 2023. Issus d&#8217;un appel d&#8217;offre du d\u00e9partement gestionnaire du parc pour la modernisation des deux engins de traction principaux du CFC, les deux tracteurs \u00e9lectriques ont r\u00e9cemment pris la succession &hellip; <a href=\"https:\/\/www.cfchanteraines.fr\/sitewp\/le-materiel-roulant\/parc-electrique\/\">Continuer la lecture <span class=\"meta-nav\">&rarr;<\/span><\/a><\/p>\n","protected":false},"author":7,"featured_media":0,"parent":59,"menu_order":0,"comment_status":"closed","ping_status":"closed","template":"","meta":{"_acf_changed":false,"_exactmetrics_skip_tracking":false,"_exactmetrics_sitenote_active":false,"_exactmetrics_sitenote_note":"","_exactmetrics_sitenote_category":0,"_mc_calendar":[],"footnotes":""},"class_list":["post-6054","page","type-page","status-publish","hentry"],"acf":[],"_links":{"self":[{"href":"https:\/\/www.cfchanteraines.fr\/sitewp\/wp-json\/wp\/v2\/pages\/6054","targetHints":{"allow":["GET"]}}],"collection":[{"href":"https:\/\/www.cfchanteraines.fr\/sitewp\/wp-json\/wp\/v2\/pages"}],"about":[{"href":"https:\/\/www.cfchanteraines.fr\/sitewp\/wp-json\/wp\/v2\/types\/page"}],"author":[{"embeddable":true,"href":"https:\/\/www.cfchanteraines.fr\/sitewp\/wp-json\/wp\/v2\/users\/7"}],"replies":[{"embeddable":true,"href":"https:\/\/www.cfchanteraines.fr\/sitewp\/wp-json\/wp\/v2\/comments?post=6054"}],"version-history":[{"count":0,"href":"https:\/\/www.cfchanteraines.fr\/sitewp\/wp-json\/wp\/v2\/pages\/6054\/revisions"}],"up":[{"embeddable":true,"href":"https:\/\/www.cfchanteraines.fr\/sitewp\/wp-json\/wp\/v2\/pages\/59"}],"wp:attachment":[{"href":"https:\/\/www.cfchanteraines.fr\/sitewp\/wp-json\/wp\/v2\/media?parent=6054"}],"curies":[{"name":"wp","href":"https:\/\/api.w.org\/{rel}","templated":true}]}}

Parc électrique

<div id="colonne_droite">
<div class="petit_cadre_def">
<table border="0" width="100%">
<tbody>
<tr>
<td width="14%"><a href="#020T-03"><span style="color: #004080; font-family: 'Bookman Old Style';"></span></a></td>
</tr>
</tbody>
</table>
</div>
<fieldset>
<p align="JUSTIFY"><span style="color: #004080; font-family: 'Bookman Old Style'; font-size: medium;"><a name=""></a><b>e0B0-01 et e0B0-02</b></span></p>
<p align="JUSTIFY"><span style="color: #004080; font-family: 'Bookman Old Style'; font-size: medium;"></p>
<img decoding="async" data-src="https://www.cfchanteraines.fr/sitewp/wp-content/uploads/2026/03/IMG-20230403-WA0113-300x225.jpg" alt="" width="300" height="225" border="0" src="data:image/svg+xml;base64,PHN2ZyB3aWR0aD0iMSIgaGVpZ2h0PSIxIiB4bWxucz0iaHR0cDovL3d3dy53My5vcmcvMjAwMC9zdmciPjwvc3ZnPg==" class="lazyload" style="--smush-placeholder-width: 300px; --smush-placeholder-aspect-ratio: 300/225;" />
<img decoding="async" data-src="https://www.cfchanteraines.fr/sitewp/wp-content/uploads/2026/03/10312-300x225.jpg" alt="" width="300" height="225" border="0" src="data:image/svg+xml;base64,PHN2ZyB3aWR0aD0iMSIgaGVpZ2h0PSIxIiB4bWxucz0iaHR0cDovL3d3dy53My5vcmcvMjAwMC9zdmciPjwvc3ZnPg==" class="lazyload" style="--smush-placeholder-width: 300px; --smush-placeholder-aspect-ratio: 300/225;" />
<p>Locotracteurs électriques CFD à marche autonome de 2023.<br />
Issus d&#8217;un appel d&#8217;offre du département gestionnaire du parc pour la modernisation des deux engins de traction principaux du CFC, les deux tracteurs électriques ont récemment pris la succession dans ce rôle des locotracteurs Socofer 0B0-01 et 0B0-02.<br />
Construits par l&#8217;entreprise CFD selon un cahier des charges spécifique, ils s&#8217;intègrent parfaitement au sein du label EVE (Espace Vert Ecologique) du parc départemental des Chanteraines.<br />
La chaîne de traction, composée de deux moteurs asynchrones de 19 kW associés à une batterie Lithium-Ion dernière génération de 43 kWh, leur confère plus de 6h d&#8217;autonomie dans les conditions d&#8217;exploitation sur notre réseau.<br />
Arrivés au CFC le mercredi 22 mars 2023 puis inaugurés en juin 2024, en même temps que la réfection complète de la ligne, ils assurent désormais la majorité de nos circulations.</p>
<p>Propriété du conseil départemental des Hauts de Seine.<br />
Locotracteurs en service.</span></p>
<table border="1" width="100%">
<tbody>
<tr>
<td width="50%"><span style="color: #004080; font-family: 'Bookman Old Style'; font-size: small;">Poids total en charge</span></td>
<td width="50%"><span style="color: #004080; font-family: 'Bookman Old Style'; font-size: small;">8 t</span></td>
</tr>
<tr>
<td width="50%"><span style="color: #004080; font-family: 'Bookman Old Style'; font-size: small;">Charge par essieu</span></td>
<td width="50%"><span style="color: #004080; font-family: 'Bookman Old Style'; font-size: small;">4 t</span></td>
</tr>
<tr>
<td width="50%"><span style="color: #004080; font-family: 'Bookman Old Style'; font-size: small;">Longueur hors tout</span></td>
<td width="50%"><span style="color: #004080; font-family: 'Bookman Old Style'; font-size: small;">4,30 m</span></td>
</tr>
<tr>
<td width="50%"><span style="color: #004080; font-family: 'Bookman Old Style'; font-size: small;">Largeur hors tout</span></td>
<td width="50%"><span style="color: #004080; font-family: 'Bookman Old Style'; font-size: small;">1,80 m</span></td>
</tr>
<tr>
<td width="50%"><span style="color: #004080; font-family: 'Bookman Old Style'; font-size: small;">Hauteur hors tout</span></td>
<td width="50%"><span style="color: #004080; font-family: 'Bookman Old Style'; font-size: small;">2,70 m</span></td>
</tr>
<tr>
<td width="50%"><span style="color: #004080; font-family: 'Bookman Old Style'; font-size: small;">Empattement</span></td>
<td width="50%"><span style="color: #004080; font-family: 'Bookman Old Style'; font-size: small;">1,35 m</span></td>
</tr>
<tr>
<td width="50%"><span style="color: #004080; font-family: 'Bookman Old Style'; font-size: small;">Effort de traction maximum</span></td>
<td width="50%"><span style="color: #004080; font-family: 'Bookman Old Style'; font-size: small;">1050 kg</span></td>
</tr>
<tr>
<td width="50%"><span style="color: #004080; font-family: 'Bookman Old Style'; font-size: small;">Vitesse maximum</span></td>
<td width="50%"><span style="color: #004080; font-family: 'Bookman Old Style'; font-size: small;">22  km/h (vitesse en exploitation: 15km/h)</span></td>
</tr>
<tr>
<td width="50%"><span style="color: #004080; font-family: 'Bookman Old Style'; font-size: small;">Poids total tracté</span></td>
<td width="50%"><span style="color: #004080; font-family: 'Bookman Old Style'; font-size: small;">22,8 t</span></td>
</tr>
<tr>
<td width="50%"><span style="color: #004080; font-family: 'Bookman Old Style'; font-size: small;">Equipement électrique</span></td>
<td width="50%"><span style="color: #004080; font-family: 'Bookman Old Style'; font-size: small;">Batterie de traction Lithium-ion 96V de 55kWh brut</span></td>
</tr>
<tr>
<td width="50%"><span style="color: #004080; font-family: 'Bookman Old Style'; font-size: small;">Moteurs de traction</span></td>
<td width="50%"><span style="color: #004080; font-family: 'Bookman Old Style'; font-size: small;">2 moteurs électriques 19kW et réducteurs de transmission Bennevelli</span></td>
</tr>
<tr>
<td width="50%"><span style="color: #004080; font-family: 'Bookman Old Style'; font-size: small;">Accessoires</span></td>
<td width="50%"><span style="color: #004080; font-family: 'Bookman Old Style'; font-size: small;">Sablières, chauffage, ventilation</span></td>
</tr>
</tbody>
</table>
</fieldset>
<p>&nbsp;</p>
</div>

<p>e0B0-01 et e0B0-02 Locotracteurs électriques CFD à marche autonome de 2023. Issus d&#8217;un appel d&#8217;offre du département gestionnaire du parc pour la modernisation des deux engins de traction principaux du CFC, les deux tracteurs électriques ont récemment pris la succession &hellip; <a href="https://www.cfchanteraines.fr/sitewp/le-materiel-roulant/parc-electrique/">Continuer la lecture <span class="meta-nav">&rarr;</span></a></p>
