{"id":57,"date":"2017-03-02T18:12:50","date_gmt":"2017-03-02T17:12:50","guid":{"rendered":"http:\/\/www.cfchanteraines.fr\/sitewp\/?page_id=57"},"modified":"2017-03-20T18:34:35","modified_gmt":"2017-03-20T17:34:35","slug":"latelier-et-le-depot","status":"publish","type":"page","link":"https:\/\/www.cfchanteraines.fr\/sitewp\/latelier-et-le-depot\/","title":{"rendered":"L&#8217;atelier et le d\u00e9p\u00f4t"},"content":{"rendered":"<p><a href=\"http:\/\/www.cfchanteraines.fr\/sitewp\/latelier-et-le-depot\/les-batiments-administratifs\/\">Les b\u00e2timents administratifs<\/a><span style=\"font-size: large;\"><br \/>\n<\/span><a href=\"http:\/\/www.cfchanteraines.fr\/sitewp\/latelier-et-le-depot\/laire-du-depot\/\">Sch\u00e9ma d&#8217;implantation de l&#8217;aire du d\u00e9p\u00f4t<\/a><span style=\"font-size: large;\"><br \/>\n<\/span><a href=\"http:\/\/www.cfchanteraines.fr\/sitewp\/plan-du-depot\/\">Plan du d\u00e9p\u00f4t<\/a><\/p>\n<p>Le premier d\u00e9p\u00f4t aujourd&#8217;hui transform\u00e9 en atelier a \u00e9t\u00e9 termin\u00e9 au printemps 1984.<br \/>\nSa superficie est de 567 m<sup>2<\/sup>. Il abrite quatre voies :<\/p>\n<ul>\n<li>Une voie sur fosse et petit entretien (Voie 9)<\/li>\n<li>Une voie pour le levage du mat\u00e9riel roulant (Voie 7)<\/li>\n<li>Une voie pour la construction du mat\u00e9riel roulant (Voie 5)<\/li>\n<li>Une voie de remise en t\u00eate (Voie 3), raccord\u00e9e \u00e0 une voie de d\u00e9bord (Voie 1), \u00e0 l&#8217;extr\u00e9mit\u00e9 de laquelle se trouve une plaque tournante de 1,7 m. avec tiroir desservant des garages raccord\u00e9s \u00e0 la voie 1.<\/li>\n<\/ul>\n<p>Ce d\u00e9p\u00f4t atelier est \u00e9quip\u00e9 d&#8217;une fosse, d&#8217;un portique de 5 t et d&#8217;un autre de 2 t de force de levage et divers \u00e9tablis, machines-outils et outillage provenant de la R.A.T.P. et de la S.N.C.F. et de lyc\u00e9es d&#8217;Enseignement Professionnel. Le deuxi\u00e8me d\u00e9p\u00f4t construit en 1991 abrite 4 voies de 50 m (Voies 2 \u00e0 8) destin\u00e9es au remisage des rames. A l&#8217;occasion de cette extension, des locaux administratifs ont \u00e9t\u00e9 \u00e9difi\u00e9s et am\u00e9nag\u00e9s, offrant une salle de r\u00e9union de 35 m<sup>2<\/sup>, deux bureaux, une salle pour l&#8217;exploitation et des vestiaires avec douches.<\/p>\n<table border=\"0\" width=\"100%\">\n<tbody>\n<tr>\n<td width=\"50%\"><img decoding=\"async\" class=\"alignleft lazyload\" data-src=\"\/images\/im078.jpg\" width=\"257\" height=\"180\" border=\"0\" src=\"data:image\/svg+xml;base64,PHN2ZyB3aWR0aD0iMSIgaGVpZ2h0PSIxIiB4bWxucz0iaHR0cDovL3d3dy53My5vcmcvMjAwMC9zdmciPjwvc3ZnPg==\" style=\"--smush-placeholder-width: 257px; --smush-placeholder-aspect-ratio: 257\/180;\" \/><\/td>\n<td width=\"50%\"><img decoding=\"async\" class=\"alignright lazyload\" data-src=\"\/images\/im047.jpg\" width=\"270\" height=\"180\" border=\"0\" src=\"data:image\/svg+xml;base64,PHN2ZyB3aWR0aD0iMSIgaGVpZ2h0PSIxIiB4bWxucz0iaHR0cDovL3d3dy53My5vcmcvMjAwMC9zdmciPjwvc3ZnPg==\" style=\"--smush-placeholder-width: 270px; --smush-placeholder-aspect-ratio: 270\/180;\" \/><\/td>\n<\/tr>\n<tr>\n<td width=\"50%\">\n<h4><i><span style=\"color: #004080; font-family: 'Bookman Old Style'; font-size: small;\">Int\u00e9rieur du d\u00e9p\u00f4t\u00a0\u00e0 l\u2019heure de midi<\/span><\/i><\/h4>\n<\/td>\n<td width=\"50%\">\n<h4 style=\"text-align: right;\"><em><span style=\"color: #004080; font-family: 'Bookman Old Style'; font-size: small;\">L\u2019atelier et les machines-outils<\/span><\/em><\/h4>\n<\/td>\n<\/tr>\n<\/tbody>\n<\/table>\n","protected":false},"excerpt":{"rendered":"<p>Les b\u00e2timents administratifs Sch\u00e9ma d&#8217;implantation de l&#8217;aire du d\u00e9p\u00f4t Plan du d\u00e9p\u00f4t Le premier d\u00e9p\u00f4t aujourd&#8217;hui transform\u00e9 en atelier a \u00e9t\u00e9 termin\u00e9 au printemps 1984. Sa superficie est de 567 m2. Il abrite quatre voies : Une voie sur fosse &hellip; <a href=\"https:\/\/www.cfchanteraines.fr\/sitewp\/latelier-et-le-depot\/\">Continuer la lecture <span class=\"meta-nav\">&rarr;<\/span><\/a><\/p>\n","protected":false},"author":1,"featured_media":0,"parent":0,"menu_order":0,"comment_status":"closed","ping_status":"closed","template":"","meta":{"_acf_changed":false,"_exactmetrics_skip_tracking":false,"_exactmetrics_sitenote_active":false,"_exactmetrics_sitenote_note":"","_exactmetrics_sitenote_category":0,"_mc_calendar":[],"footnotes":""},"class_list":["post-57","page","type-page","status-publish","hentry"],"acf":[],"_links":{"self":[{"href":"https:\/\/www.cfchanteraines.fr\/sitewp\/wp-json\/wp\/v2\/pages\/57","targetHints":{"allow":["GET"]}}],"collection":[{"href":"https:\/\/www.cfchanteraines.fr\/sitewp\/wp-json\/wp\/v2\/pages"}],"about":[{"href":"https:\/\/www.cfchanteraines.fr\/sitewp\/wp-json\/wp\/v2\/types\/page"}],"author":[{"embeddable":true,"href":"https:\/\/www.cfchanteraines.fr\/sitewp\/wp-json\/wp\/v2\/users\/1"}],"replies":[{"embeddable":true,"href":"https:\/\/www.cfchanteraines.fr\/sitewp\/wp-json\/wp\/v2\/comments?post=57"}],"version-history":[{"count":0,"href":"https:\/\/www.cfchanteraines.fr\/sitewp\/wp-json\/wp\/v2\/pages\/57\/revisions"}],"wp:attachment":[{"href":"https:\/\/www.cfchanteraines.fr\/sitewp\/wp-json\/wp\/v2\/media?parent=57"}],"curies":[{"name":"wp","href":"https:\/\/api.w.org\/{rel}","templated":true}]}}

L&#8217;atelier et le dépôt

<p><a href="http://www.cfchanteraines.fr/sitewp/latelier-et-le-depot/les-batiments-administratifs/">Les bâtiments administratifs</a><span style="font-size: large;"><br />
</span><a href="http://www.cfchanteraines.fr/sitewp/latelier-et-le-depot/laire-du-depot/">Schéma d&#8217;implantation de l&#8217;aire du dépôt</a><span style="font-size: large;"><br />
</span><a href="http://www.cfchanteraines.fr/sitewp/plan-du-depot/">Plan du dépôt</a></p>
<p>Le premier dépôt aujourd&#8217;hui transformé en atelier a été terminé au printemps 1984.<br />
Sa superficie est de 567 m<sup>2</sup>. Il abrite quatre voies :</p>
<ul>
<li>Une voie sur fosse et petit entretien (Voie 9)</li>
<li>Une voie pour le levage du matériel roulant (Voie 7)</li>
<li>Une voie pour la construction du matériel roulant (Voie 5)</li>
<li>Une voie de remise en tête (Voie 3), raccordée à une voie de débord (Voie 1), à l&#8217;extrémité de laquelle se trouve une plaque tournante de 1,7 m. avec tiroir desservant des garages raccordés à la voie 1.</li>
</ul>
<p>Ce dépôt atelier est équipé d&#8217;une fosse, d&#8217;un portique de 5 t et d&#8217;un autre de 2 t de force de levage et divers établis, machines-outils et outillage provenant de la R.A.T.P. et de la S.N.C.F. et de lycées d&#8217;Enseignement Professionnel. Le deuxième dépôt construit en 1991 abrite 4 voies de 50 m (Voies 2 à 8) destinées au remisage des rames. A l&#8217;occasion de cette extension, des locaux administratifs ont été édifiés et aménagés, offrant une salle de réunion de 35 m<sup>2</sup>, deux bureaux, une salle pour l&#8217;exploitation et des vestiaires avec douches.</p>
<table border="0" width="100%">
<tbody>
<tr>
<td width="50%"><img decoding="async" class="alignleft lazyload" data-src="/images/im078.jpg" width="257" height="180" border="0" src="data:image/svg+xml;base64,PHN2ZyB3aWR0aD0iMSIgaGVpZ2h0PSIxIiB4bWxucz0iaHR0cDovL3d3dy53My5vcmcvMjAwMC9zdmciPjwvc3ZnPg==" style="--smush-placeholder-width: 257px; --smush-placeholder-aspect-ratio: 257/180;" /></td>
<td width="50%"><img decoding="async" class="alignright lazyload" data-src="/images/im047.jpg" width="270" height="180" border="0" src="data:image/svg+xml;base64,PHN2ZyB3aWR0aD0iMSIgaGVpZ2h0PSIxIiB4bWxucz0iaHR0cDovL3d3dy53My5vcmcvMjAwMC9zdmciPjwvc3ZnPg==" style="--smush-placeholder-width: 270px; --smush-placeholder-aspect-ratio: 270/180;" /></td>
</tr>
<tr>
<td width="50%">
<h4><i><span style="color: #004080; font-family: 'Bookman Old Style'; font-size: small;">Intérieur du dépôt à l’heure de midi</span></i></h4>
</td>
<td width="50%">
<h4 style="text-align: right;"><em><span style="color: #004080; font-family: 'Bookman Old Style'; font-size: small;">L’atelier et les machines-outils</span></em></h4>
</td>
</tr>
</tbody>
</table>

<p>Les bâtiments administratifs Schéma d&#8217;implantation de l&#8217;aire du dépôt Plan du dépôt Le premier dépôt aujourd&#8217;hui transformé en atelier a été terminé au printemps 1984. Sa superficie est de 567 m2. Il abrite quatre voies : Une voie sur fosse &hellip; <a href="https://www.cfchanteraines.fr/sitewp/latelier-et-le-depot/">Continuer la lecture <span class="meta-nav">&rarr;</span></a></p>
