{"id":421,"date":"2017-03-17T23:23:05","date_gmt":"2017-03-17T22:23:05","guid":{"rendered":"http:\/\/www.cfchanteraines.fr\/sitewp\/?page_id=421"},"modified":"2025-01-28T11:36:20","modified_gmt":"2025-01-28T10:36:20","slug":"devenir-membre","status":"publish","type":"page","link":"https:\/\/www.cfchanteraines.fr\/sitewp\/devenir-membre\/","title":{"rendered":"Devenir membre"},"content":{"rendered":"<div id=\"colonne_droite\"><center><a href=\"https:\/\/www.cfchanteraines.fr\/sitewp\/wp-content\/uploads\/2025\/01\/Bull_adh-V-2025.pdf\"><b>Cliquez ici pour t\u00e9l\u00e9charger le bulletin d&#8217;adh\u00e9sion<\/b><\/a><\/center><center><\/center><\/div>\n<p><\/p>\n<fieldset><center><br \/>\n\u00c0 compl\u00e9ter et retourner au<b><br \/>\n\t<br \/>\nCFC<br \/>\n46 avenue Georges Pompidou<br \/>\n92390 VILLENEUVE-LA-GARENNE<br \/>\n<\/b><br \/>\n<\/center><\/fieldset>\n","protected":false},"excerpt":{"rendered":"<p>Cliquez ici pour t\u00e9l\u00e9charger le bulletin d&#8217;adh\u00e9sion \u00c0 compl\u00e9ter et retourner au CFC 46 avenue Georges Pompidou 92390 VILLENEUVE-LA-GARENNE<\/p>\n","protected":false},"author":1,"featured_media":0,"parent":0,"menu_order":0,"comment_status":"closed","ping_status":"closed","template":"","meta":{"_acf_changed":false,"_exactmetrics_skip_tracking":false,"_exactmetrics_sitenote_active":false,"_exactmetrics_sitenote_note":"","_exactmetrics_sitenote_category":0,"_mc_calendar":[],"footnotes":""},"class_list":["post-421","page","type-page","status-publish","hentry"],"acf":[],"_links":{"self":[{"href":"https:\/\/www.cfchanteraines.fr\/sitewp\/wp-json\/wp\/v2\/pages\/421","targetHints":{"allow":["GET"]}}],"collection":[{"href":"https:\/\/www.cfchanteraines.fr\/sitewp\/wp-json\/wp\/v2\/pages"}],"about":[{"href":"https:\/\/www.cfchanteraines.fr\/sitewp\/wp-json\/wp\/v2\/types\/page"}],"author":[{"embeddable":true,"href":"https:\/\/www.cfchanteraines.fr\/sitewp\/wp-json\/wp\/v2\/users\/1"}],"replies":[{"embeddable":true,"href":"https:\/\/www.cfchanteraines.fr\/sitewp\/wp-json\/wp\/v2\/comments?post=421"}],"version-history":[{"count":0,"href":"https:\/\/www.cfchanteraines.fr\/sitewp\/wp-json\/wp\/v2\/pages\/421\/revisions"}],"wp:attachment":[{"href":"https:\/\/www.cfchanteraines.fr\/sitewp\/wp-json\/wp\/v2\/media?parent=421"}],"curies":[{"name":"wp","href":"https:\/\/api.w.org\/{rel}","templated":true}]}}